{"id":939,"date":"2017-04-08T13:40:03","date_gmt":"2017-04-08T13:40:03","guid":{"rendered":"http:\/\/colegio.ciutadella.salesianos.edu\/?page_id=939"},"modified":"2023-07-05T06:47:20","modified_gmt":"2023-07-05T06:47:20","slug":"pastoral","status":"publish","type":"page","link":"https:\/\/ciutadella.salesians.cat\/escola\/pastoral\/","title":{"rendered":"Pastoral"},"content":{"rendered":"<p>[et_pb_section fb_built=\u00bb1&#8243; fullwidth=\u00bbon\u00bb admin_label=\u00bbSecci\u00f3n\u00bb _builder_version=\u00bb4.16&#8243; global_colors_info=\u00bb{}\u00bb][et_pb_fullwidth_header title=\u00bbPastoral\u00bb content_max_width=\u00bbnone\u00bb title_font_color=\u00bb#ffffff\u00bb admin_label=\u00bbT\u00edtulo de anchura completa\u00bb module_class=\u00bbpagina-imagen-cabecera\u00bb _builder_version=\u00bb4.20.0&#8243; title_text_color=\u00bb#ffffff\u00bb title_font_size=\u00bb40px\u00bb background_color=\u00bb#E02B20&#8243; background_layout=\u00bblight\u00bb hover_enabled=\u00bb0&#8243; background_url=\u00bbhttp:\/\/ciutadella.salesians.cat\/escola\/wp-content\/uploads\/sites\/2\/2017\/04\/16402874_970454186432034_2782316043647035170_o.jpg\u00bb button_one_letter_spacing_hover=\u00bb0&#8243; button_two_letter_spacing_hover=\u00bb0&#8243; global_colors_info=\u00bb{}\u00bb button_one_text_size__hover_enabled=\u00bboff\u00bb button_two_text_size__hover_enabled=\u00bboff\u00bb button_one_text_color__hover_enabled=\u00bboff\u00bb button_two_text_color__hover_enabled=\u00bboff\u00bb button_one_border_width__hover_enabled=\u00bboff\u00bb button_two_border_width__hover_enabled=\u00bboff\u00bb button_one_border_color__hover_enabled=\u00bboff\u00bb button_two_border_color__hover_enabled=\u00bboff\u00bb button_one_border_radius__hover_enabled=\u00bboff\u00bb button_two_border_radius__hover_enabled=\u00bboff\u00bb button_one_letter_spacing__hover_enabled=\u00bbon\u00bb button_one_letter_spacing__hover=\u00bb0&#8243; button_two_letter_spacing__hover_enabled=\u00bbon\u00bb button_two_letter_spacing__hover=\u00bb0&#8243; button_one_bg_color__hover_enabled=\u00bboff\u00bb button_two_bg_color__hover_enabled=\u00bboff\u00bb background_enable_image=\u00bboff\u00bb sticky_enabled=\u00bb0&#8243;][\/et_pb_fullwidth_header][\/et_pb_section][et_pb_section fb_built=\u00bb1&#8243; admin_label=\u00bbSecci\u00f3n\u00bb module_class=\u00bbpagina-seccion-contenido\u00bb _builder_version=\u00bb4.16&#8243; custom_padding=\u00bb-4%|||\u00bb transparent_background=\u00bboff\u00bb make_fullwidth=\u00bboff\u00bb use_custom_width=\u00bboff\u00bb width_unit=\u00bbon\u00bb global_colors_info=\u00bb{}\u00bb][et_pb_row admin_label=\u00bbFila\u00bb module_class=\u00bbpagina-texto\u00bb _builder_version=\u00bb4.16&#8243; background_size=\u00bbinitial\u00bb background_position=\u00bbtop_left\u00bb background_repeat=\u00bbrepeat\u00bb make_fullwidth=\u00bboff\u00bb use_custom_width=\u00bboff\u00bb width_unit=\u00bbon\u00bb global_colors_info=\u00bb{}\u00bb][et_pb_column type=\u00bb4_4&#8243; _builder_version=\u00bb4.16&#8243; custom_padding=\u00bb|||\u00bb global_colors_info=\u00bb{}\u00bb custom_padding__hover=\u00bb|||\u00bb][et_pb_text _builder_version=\u00bb4.16&#8243; border_style=\u00bbsolid\u00bb global_colors_info=\u00bb{}\u00bb]<\/p>\n<h1>Pastoral<\/h1>\n<p>[\/et_pb_text][et_pb_text admin_label=\u00bbTexto\u00bb _builder_version=\u00bb4.16&#8243; text_font_size=\u00bb15&#8243; text_line_height=\u00bb1.8em\u00bb background_size=\u00bbinitial\u00bb background_position=\u00bbtop_left\u00bb background_repeat=\u00bbrepeat\u00bb text_orientation=\u00bbjustified\u00bb border_style=\u00bbsolid\u00bb global_colors_info=\u00bb{}\u00bb]<span style=\"font-weight: 400;\">La Pastoral de l\u2019escola parteix dels criteris seg\u00fcents:<\/span><\/p>\n<p><span style=\"font-weight: 400;\">1r: La Pastoral ha d\u2019estar integrada en l\u2019acci\u00f3 docent i educativa, sense que s\u2019hagi de difuminar ni perdre.<\/span><\/p>\n<p><span style=\"font-weight: 400;\">2n: \u00c9s una Pastoral d\u2019acollida, i que ajuda a la reflexi\u00f3, com els Bon dia que fem a Prim\u00e0ria i a Secund\u00e0ria d\u2019una manera adequada a les caracter\u00edstiques evolutives i personals dels al\u00b7lots i al\u00b7lotes.<\/span><\/p>\n<p><span style=\"font-weight: 400;\">3r: \u00c9s una Pastoral per a tots, per a\u00e7\u00f2 diferencia ofertes: unes encaminades a tots els alumnes, altres opcionals, dirigides a col\u00b7lectius espec\u00edfics.<\/span><\/p>\n<p><span style=\"font-weight: 400;\">4t: Quan diem l\u2019Escola Pastoral, significa que \u00e9s una caracter\u00edstica que cal aplicar a tota l\u2019escola i que ha d\u2019impregnar tota l\u2019acci\u00f3 educativa.<\/span><\/p>\n<p><span style=\"font-weight: 400;\">5\u00e8: El tarann\u00e0 pastoral ve definit pel carisma salesi\u00e0, del qual n\u2019agafa les caracter\u00edstiques.<\/span><\/p>\n<p><span style=\"font-weight: 400;\">6\u00e8: L\u2019Escola ha de tenir documentada l\u2019Animaci\u00f3 Pastoral perqu\u00e8 hi hagi uns referents als quals dirigir-se que serveixin per donar coher\u00e8ncia i continu\u00eftat a la Pastoral en tota l\u2019Escola.<\/span><\/p>\n<p><span style=\"font-weight: 400;\">7\u00e8: Una Pastoral en equip i per a tot l\u2019equip de l\u2019escola. L\u2019acci\u00f3 pastoral es planifica en equip i \u00e9s el resultat de tota una intervenci\u00f3 conjunta des dels diferents sectors de l\u2019escola, m\u00e9s enll\u00e0 de les iniciatives individuals, les quals sempre es poden aportar per enriquir el conjunt.<\/span><\/p>\n<p><span style=\"font-weight: 400;\">8\u00e8: La Pastoral oberta a l\u2019entorn (intern i extern). Una Pastoral coordinada dins de l\u2019obra i amb els altres centres salesians. I relacionada amb la Pastoral diocesana.<\/span><\/p>\n<p><span style=\"font-weight: 400;\">9\u00e8: La integraci\u00f3 de l\u2019Animaci\u00f3 Pastoral en tota l\u2019activitat docent i educativa demana que, d\u2019una manera o altra, la Pastoral estigui present en els organismes de l\u2019escola i en el disseny de les diferents activitats. Cal vetllar des de direcci\u00f3 perqu\u00e8 aix\u00f2 estigui garantit, especialment en el disseny del Pla d\u2019acci\u00f3 tutorial, el Pla de Formaci\u00f3, la formulaci\u00f3 dels objectius, la confecci\u00f3 del Projecte Educatiu i el Programa Educatiu Pastoral Anual.<\/span><\/p>\n<p>&nbsp;<\/p>\n<h1><strong>Els objectius de l&#8217;animaci\u00f3 pastoral<\/strong><\/h1>\n<p>&nbsp;<\/p>\n<ul>\n<li style=\"font-weight: 400;\"><span style=\"font-weight: 400;\">Educar en els valors humans i cristians.<\/span><\/li>\n<li style=\"font-weight: 400;\"><span style=\"font-weight: 400;\">Crear un ambient de fam\u00edlia, on hi hagi la possibilitat de fer experi\u00e8ncia\u00a0<\/span><span style=\"font-weight: 400;\">de grup i desenvolupar el sentit de pertinen\u00e7a a la comunitat cristiana.<\/span><\/li>\n<li style=\"font-weight: 400;\"><span style=\"font-weight: 400;\">Oferir una educaci\u00f3 en la fe, que obri al missatge cristi\u00e0, tot partint de la realitat dels alumnes, de la seva concepci\u00f3 del m\u00f3n i de la seva viv\u00e8ncia.<\/span><\/li>\n<li style=\"font-weight: 400;\"><span style=\"font-weight: 400;\">Oferir experi\u00e8ncies significatives de celebraci\u00f3, de preg\u00e0ria&#8230;<\/span><\/li>\n<li style=\"font-weight: 400;\"><span style=\"font-weight: 400;\">Oferir models alternatius de vida que tenen com a referent Jes\u00fas i el seu\u00a0<\/span><span style=\"font-weight: 400;\">missatge.<\/span><\/li>\n<li style=\"font-weight: 400;\"><span style=\"font-weight: 400;\">Acompanyar, fer seguiment dels processos educatius, personals i vocacionals dels nostres alumnes.<\/span><\/li>\n<li style=\"font-weight: 400;\"><span style=\"font-weight: 400;\">Concebre l\u2019\u00e0rea de religi\u00f3 com una \u00e0rea fonamental per a la construcci\u00f3 i formaci\u00f3 de la persona.<\/span><\/li>\n<li style=\"font-weight: 400;\"><span style=\"font-weight: 400;\">Sensibilitzar els nostres alumnes i les seves fam\u00edlies davant els esdeveniments socials i la realitat del m\u00f3n. <\/span><\/li>\n<\/ul>\n<p>[\/et_pb_text][\/et_pb_column][\/et_pb_row][\/et_pb_section]<\/p>\n","protected":false},"excerpt":{"rendered":"<p>Pastoral La Pastoral de l\u2019escola parteix dels criteris seg\u00fcents: 1r: La Pastoral ha d\u2019estar integrada en l\u2019acci\u00f3 docent i educativa, sense que s\u2019hagi de difuminar ni perdre. 2n: \u00c9s una Pastoral d\u2019acollida, i que ajuda a la reflexi\u00f3, com els Bon dia que fem a Prim\u00e0ria i a Secund\u00e0ria d\u2019una manera adequada a les caracter\u00edstiques [&hellip;]<\/p>\n","protected":false},"author":2,"featured_media":0,"parent":0,"menu_order":0,"comment_status":"closed","ping_status":"closed","template":"","meta":{"_et_pb_use_builder":"on","_et_pb_old_content":"","_et_gb_content_width":"","footnotes":""},"class_list":["post-939","page","type-page","status-publish","hentry"],"yoast_head":"<!-- This site is optimized with the Yoast SEO plugin v27.3 - https:\/\/yoast.com\/product\/yoast-seo-wordpress\/ -->\n<title>Pastoral - Escola<\/title>\n<meta name=\"robots\" content=\"index, follow, max-snippet:-1, max-image-preview:large, max-video-preview:-1\" \/>\n<link rel=\"canonical\" href=\"https:\/\/ciutadella.salesians.cat\/escola\/pastoral\/\" \/>\n<meta property=\"og:locale\" content=\"es_ES\" \/>\n<meta property=\"og:type\" content=\"article\" \/>\n<meta property=\"og:title\" content=\"Pastoral - Escola\" \/>\n<meta property=\"og:description\" content=\"Pastoral La Pastoral de l\u2019escola parteix dels criteris seg\u00fcents: 1r: La Pastoral ha d\u2019estar integrada en l\u2019acci\u00f3 docent i educativa, sense que s\u2019hagi de difuminar ni perdre. 2n: \u00c9s una Pastoral d\u2019acollida, i que ajuda a la reflexi\u00f3, com els Bon dia que fem a Prim\u00e0ria i a Secund\u00e0ria d\u2019una manera adequada a les caracter\u00edstiques [&hellip;]\" \/>\n<meta property=\"og:url\" content=\"https:\/\/ciutadella.salesians.cat\/escola\/pastoral\/\" \/>\n<meta property=\"og:site_name\" content=\"Escola\" \/>\n<meta property=\"article:modified_time\" content=\"2023-07-05T06:47:20+00:00\" \/>\n<meta name=\"twitter:card\" content=\"summary_large_image\" \/>\n<meta name=\"twitter:label1\" content=\"Tiempo de lectura\" \/>\n\t<meta name=\"twitter:data1\" content=\"4 minutos\" \/>\n<script type=\"application\/ld+json\" class=\"yoast-schema-graph\">{\"@context\":\"https:\\\/\\\/schema.org\",\"@graph\":[{\"@type\":\"WebPage\",\"@id\":\"https:\\\/\\\/ciutadella.salesians.cat\\\/escola\\\/pastoral\\\/\",\"url\":\"https:\\\/\\\/ciutadella.salesians.cat\\\/escola\\\/pastoral\\\/\",\"name\":\"Pastoral - Escola\",\"isPartOf\":{\"@id\":\"https:\\\/\\\/ciutadella.salesians.cat\\\/escola\\\/#website\"},\"datePublished\":\"2017-04-08T13:40:03+00:00\",\"dateModified\":\"2023-07-05T06:47:20+00:00\",\"breadcrumb\":{\"@id\":\"https:\\\/\\\/ciutadella.salesians.cat\\\/escola\\\/pastoral\\\/#breadcrumb\"},\"inLanguage\":\"es\",\"potentialAction\":[{\"@type\":\"ReadAction\",\"target\":[\"https:\\\/\\\/ciutadella.salesians.cat\\\/escola\\\/pastoral\\\/\"]}]},{\"@type\":\"BreadcrumbList\",\"@id\":\"https:\\\/\\\/ciutadella.salesians.cat\\\/escola\\\/pastoral\\\/#breadcrumb\",\"itemListElement\":[{\"@type\":\"ListItem\",\"position\":1,\"name\":\"Inici\",\"item\":\"https:\\\/\\\/ciutadella.salesians.cat\\\/escola\\\/\"},{\"@type\":\"ListItem\",\"position\":2,\"name\":\"Pastoral\"}]},{\"@type\":\"WebSite\",\"@id\":\"https:\\\/\\\/ciutadella.salesians.cat\\\/escola\\\/#website\",\"url\":\"https:\\\/\\\/ciutadella.salesians.cat\\\/escola\\\/\",\"name\":\"Escola\",\"description\":\"P\u00e0gina oficial de Salesians Ciutadella\",\"potentialAction\":[{\"@type\":\"SearchAction\",\"target\":{\"@type\":\"EntryPoint\",\"urlTemplate\":\"https:\\\/\\\/ciutadella.salesians.cat\\\/escola\\\/?s={search_term_string}\"},\"query-input\":{\"@type\":\"PropertyValueSpecification\",\"valueRequired\":true,\"valueName\":\"search_term_string\"}}],\"inLanguage\":\"es\"}]}<\/script>\n<!-- \/ Yoast SEO plugin. -->","yoast_head_json":{"title":"Pastoral - Escola","robots":{"index":"index","follow":"follow","max-snippet":"max-snippet:-1","max-image-preview":"max-image-preview:large","max-video-preview":"max-video-preview:-1"},"canonical":"https:\/\/ciutadella.salesians.cat\/escola\/pastoral\/","og_locale":"es_ES","og_type":"article","og_title":"Pastoral - Escola","og_description":"Pastoral La Pastoral de l\u2019escola parteix dels criteris seg\u00fcents: 1r: La Pastoral ha d\u2019estar integrada en l\u2019acci\u00f3 docent i educativa, sense que s\u2019hagi de difuminar ni perdre. 2n: \u00c9s una Pastoral d\u2019acollida, i que ajuda a la reflexi\u00f3, com els Bon dia que fem a Prim\u00e0ria i a Secund\u00e0ria d\u2019una manera adequada a les caracter\u00edstiques [&hellip;]","og_url":"https:\/\/ciutadella.salesians.cat\/escola\/pastoral\/","og_site_name":"Escola","article_modified_time":"2023-07-05T06:47:20+00:00","twitter_card":"summary_large_image","twitter_misc":{"Tiempo de lectura":"4 minutos"},"schema":{"@context":"https:\/\/schema.org","@graph":[{"@type":"WebPage","@id":"https:\/\/ciutadella.salesians.cat\/escola\/pastoral\/","url":"https:\/\/ciutadella.salesians.cat\/escola\/pastoral\/","name":"Pastoral - Escola","isPartOf":{"@id":"https:\/\/ciutadella.salesians.cat\/escola\/#website"},"datePublished":"2017-04-08T13:40:03+00:00","dateModified":"2023-07-05T06:47:20+00:00","breadcrumb":{"@id":"https:\/\/ciutadella.salesians.cat\/escola\/pastoral\/#breadcrumb"},"inLanguage":"es","potentialAction":[{"@type":"ReadAction","target":["https:\/\/ciutadella.salesians.cat\/escola\/pastoral\/"]}]},{"@type":"BreadcrumbList","@id":"https:\/\/ciutadella.salesians.cat\/escola\/pastoral\/#breadcrumb","itemListElement":[{"@type":"ListItem","position":1,"name":"Inici","item":"https:\/\/ciutadella.salesians.cat\/escola\/"},{"@type":"ListItem","position":2,"name":"Pastoral"}]},{"@type":"WebSite","@id":"https:\/\/ciutadella.salesians.cat\/escola\/#website","url":"https:\/\/ciutadella.salesians.cat\/escola\/","name":"Escola","description":"P\u00e0gina oficial de Salesians Ciutadella","potentialAction":[{"@type":"SearchAction","target":{"@type":"EntryPoint","urlTemplate":"https:\/\/ciutadella.salesians.cat\/escola\/?s={search_term_string}"},"query-input":{"@type":"PropertyValueSpecification","valueRequired":true,"valueName":"search_term_string"}}],"inLanguage":"es"}]}},"_links":{"self":[{"href":"https:\/\/ciutadella.salesians.cat\/escola\/wp-json\/wp\/v2\/pages\/939","targetHints":{"allow":["GET"]}}],"collection":[{"href":"https:\/\/ciutadella.salesians.cat\/escola\/wp-json\/wp\/v2\/pages"}],"about":[{"href":"https:\/\/ciutadella.salesians.cat\/escola\/wp-json\/wp\/v2\/types\/page"}],"author":[{"embeddable":true,"href":"https:\/\/ciutadella.salesians.cat\/escola\/wp-json\/wp\/v2\/users\/2"}],"replies":[{"embeddable":true,"href":"https:\/\/ciutadella.salesians.cat\/escola\/wp-json\/wp\/v2\/comments?post=939"}],"version-history":[{"count":10,"href":"https:\/\/ciutadella.salesians.cat\/escola\/wp-json\/wp\/v2\/pages\/939\/revisions"}],"predecessor-version":[{"id":6412,"href":"https:\/\/ciutadella.salesians.cat\/escola\/wp-json\/wp\/v2\/pages\/939\/revisions\/6412"}],"wp:attachment":[{"href":"https:\/\/ciutadella.salesians.cat\/escola\/wp-json\/wp\/v2\/media?parent=939"}],"curies":[{"name":"wp","href":"https:\/\/api.w.org\/{rel}","templated":true}]}}